?
9
Let n = 1374 - 544. What is the tens digit of n?
3
Let p be (-1)/((9/6)/3). What is the hundreds digit of 2*(-1)/p + -1 + 199?
1
Let t be 14/(-49) + (-205)/(-7). Suppose -5*b + 4*u = -74 + t, -5*b - u = -20. Suppose -114 = -2*h - 2*x, b*h + 2*x = -0*x + 282. What is the units digit of h?
6
Let d(k) = 13*k**3 + 3*k**2 - 40*k - 20. What is the units digit of d(5)?
0
Suppose -2*n + d = -21, 3*n + 15 = 4*n - 5*d. Suppose -n = -2*i - 3*i. Suppose i*p - 115 = -3*p. What is the units digit of p?
3
Let v(g) = 1. Let t(x) = 5*x + 6. Let y(k) = t(k) - 6*v(k). What is the units digit of y(11)?
5
Suppose 7*j - 532 = 1106. Suppose 0 = -2*u - 2*m + j + 6, -2*u - m + 237 = 0. Suppose 2*r + 4*p - 19 = u, 5*p = 2*r - 181. What is the units digit of r?
8
Let t(m) = -m + 3. Let j be t(0). Suppose 5*u = 0, 4*b - j*u - 36 = -8*u. Let d = b + 9. What is the tens digit of d?
1
Let u = 5283 - 2455. What is the thousands digit of u?
2
Let b = 802 - 527. What is the tens digit of b?
7
Let m = -38 - -58. Suppose -m*f + 160 = -15*f. What is the units digit of f?
2
Suppose -260 = -2*u - 3*i, i = -6*u + 3*u + 404. Let r = u - 55. What is the tens digit of r?
8
Let h be ((-33)/2)/((-8)/(-80)). Let z = h + 277. What is the units digit of z?
2
Suppose -64 = -b - 2*s, 0 = 3*b + 4*s + 37 - 231. Suppose 2*x - b = 46. Suppose t - x = -t. What is the tens digit of t?
2
Let i(w) = -w**2 - 8*w - 5. Let l be i(-7). Let a = -98 - -100. Suppose -l*j - j + 4*t = -17, -a*t + 30 = 4*j. What is the units digit of j?
7
Suppose -4*q = -13*q + 13734. What is the hundreds digit of q?
5
Let i(v) = 3*v - 6. Let p be i(4). Suppose -s - 27 = -d, -d = p*s - s - 27. Suppose -3*x + 51 = 2*x - 3*h, 0 = -2*x - h + d. What is the tens digit of x?
1
Let h(b) = b**3 - 7*b**2 + 2*b - 6. Let t = -11 + -7. Let a = t - -25. What is the units digit of h(a)?
8
Suppose 0*m = m. Suppose m = k - 3 + 1. Suppose 4 = k*n + 2*n. What is the units digit of n?
1
Let s = 1513 + -976. What is the tens digit of s?
3
Let x = -420 + 3222. What is the tens digit of x?
0
Let i(n) = 35*n + 23. Suppose -2*f + 2 = -2*l - 0*l, 5*l = -5*f + 35. What is the units digit of i(l)?
8
Let i(h) be the first derivative of -5*h**4/4 - h**3 + 2*h - 9. What is the units digit of i(-2)?
0
Let s = 747 + -242. What is the hundreds digit of s?
5
Let i = -11 + -9. Let r be 3 - i/(-4) - -5. Suppose -5*s - n + 192 = -0*n, -r*s - 3*n + 120 = 0. What is the tens digit of s?
3
Let i be (-24)/84 - (-88)/14. Suppose 11*x = i*x + 805. What is the units digit of x?
1
Let h(x) = 11*x + 122. What is the tens digit of h(6)?
8
Let m(y) = 60*y + 10. Let z(v) be the third derivative of v**4/2 + v**3/3 - 3*v**2. Let d(f) = 3*m(f) - 16*z(f). What is the tens digit of d(-1)?
1
What is the hundreds digit of 0 + (2/10 - (-8294)/55)?
1
Let p = -80 - -2549. What is the thousands digit of p?
2
What is the units digit of (-3*(-1)/4)/(2/112)?
2
Let o(i) = 33*i + 1. Suppose -3*z = 2*z + 5. Let d be o(z). What is the units digit of (d/5)/(1/(-5))?
2
Suppose 3*s = -4*t + 2*s + 23, -5 = -4*t + 5*s. Suppose -t*j = o + 4*o - 45, -5*j - 3*o + 37 = 0. What is the units digit of 4/(-10) + 97/j?
9
Suppose 0 = i - 0*i. Let l be -6*((-2)/(-4))/(-1). Suppose d + l*y - 13 = 2*y, -5*d + 5*y + 35 = i. What is the units digit of d?
0
Suppose -3*g - 5*h + 0*h = -2, -h = -4*g - 5. Let u be -5*(2 + g - 2). Suppose -x - 44 = -u*x. What is the tens digit of x?
1
Suppose 8*n = 2*n + 1530. Let f = n + -103. Suppose -4*d + f + 36 = 0. What is the tens digit of d?
4
Suppose 2*g = 3*o - 132, -3*o + 2*g = -3*g - 132. Let n = o - 36. What is the units digit of n?
8
Let h = -1840 - -4521. What is the units digit of h?
1
Let r = 2792 - -1162. What is the hundreds digit of r?
9
Let v(t) = 2*t**2 - 7*t + 10. Let u be v(7). Suppose -143 - 100 = -5*i - 2*l, 0 = i + 3*l - u. Let n = i + -34. What is the tens digit of n?
1
Let w(y) = 4*y + 34. Let r be w(-8). Suppose r*p = -6, z - 2*z + 45 = 2*p. What is the units digit of z?
1
Let n = 135 + -49. Suppose -n - 51 = -t. What is the tens digit of t?
3
What is the tens digit of (2/(-1) + 1635)/(11/11)?
3
Suppose -4*f + 3*m + 6 + 9 = 0, 0 = 3*f - m - 10. Let i(o) = -36*o**f + 2*o**2 + 3*o - 6*o**2 + 42*o**3 - 2. What is the tens digit of i(2)?
3
Suppose h = 2*h - 3. Suppose h*o - 240 = o. What is the tens digit of o?
2
Let j(s) = -9*s**3 - s**2 - 1. Let f be j(-1). Suppose 0 = 11*c - f*c - 76. What is the units digit of c?
9
Let o(y) = 8*y - 35. Let a be o(13). Suppose 0 = 2*s - 8, -187 + a = -2*w + 5*s. What is the units digit of w?
9
Suppose 15*q + 14351 = 50921. Suppose 88 = -10*y + q. What is the units digit of y?
5
Let u(a) = -a + 162. What is the tens digit of u(0)?
6
Suppose 3*g = -790 + 2485. What is the hundreds digit of g?
5
Suppose 2*q = 3*b + 1818, 3*b = -2*q + 8*b + 1822. What is the tens digit of q?
0
Let t be (-4 - (-6 + -1)) + -3. Suppose 97 = b - 4*q, 5*b + t*q + 5*q = 535. What is the units digit of b?
5
Let q = -28 + 36. What is the units digit of 6*-1*4/q*-2?
6
Suppose -5*a - 4*i + 269 = 0, 5*a = 2*i - 0*i + 293. Let j = -390 + 394. Suppose a = j*c - 59. What is the units digit of c?
9
Suppose 1708 = 5*x - 4*k, 4*x + k - 1018 = x. Suppose -4*b + x = -4*j, -b = b - j - 167. What is the units digit of b?
2
Let h(k) = -5*k + 4 + 6 + 3*k - 3. Let i(w) = -1. Let p(x) = h(x) + 5*i(x). What is the tens digit of p(-5)?
1
Let x(l) = 143*l - 4. Let n(z) = -71*z + 2. Let v(j) = -5*n(j) - 2*x(j). What is the tens digit of v(2)?
3
Let j = 183 - -141. Suppose 0*f - 3*f + j = 0. Suppose -4*g + 58 = 2*m - 50, -f = -4*g - 3*m. What is the tens digit of g?
2
Let q = -55 + 58. Suppose 0 = -5*u + y + 12, u - 3 = -q*u + 3*y. What is the units digit of u?
3
Let o(d) = -d**3 - 21*d**2 - 8*d + 53. What is the tens digit of o(-23)?
9
Let c be 212/28 + (-12)/(-28). Suppose 0 = -c*u + 9*u - 28. What is the tens digit of u?
2
Let j(i) = 3*i**2 + 3*i - 4. Suppose 0 = -4*o - 24 - 0. Let m be j(o). Suppose -4*k = -2*n + m, 4*n + 3*k = 152 - 35. What is the tens digit of n?
3
Let m = -18 + 11. Let q(g) = g**2 + 2*g + 16. Let c(o) = o - 1. Let y(k) = 6*c(k) + q(k). What is the units digit of y(m)?
3
Let k be -1*(6/(-2) - -5). Let c(j) = -7*j**3 - 3*j**2. Let u be c(k). Suppose 5*t + 2*m = u, -m - 19 = -4*t + 11. What is the units digit of t?
8
Let n(s) = 87*s**3 + s**2 - 28*s + 58. What is the units digit of n(4)?
0
Suppose 15*f - 10466 = -1781. What is the units digit of f?
9
Let y(b) = 5*b**2 + 3*b + 1. Let z be y(2). Let m be 468/z + (-2)/(-3). Suppose -q - 3*x = -12, 5*q - m = -0*q - x. What is the units digit of q?
3
Suppose 1502 + 8770 = 12*j. What is the tens digit of j?
5
Suppose -f + 4*f + g = 12, 0 = -2*g. Suppose 0 = -2*l - 3*a + 75, -a + f = 9. What is the tens digit of l?
4
Suppose -i - 3360 = -4*f, -7*f - 3*i + 4200 = -2*f. What is the units digit of f?
0
Let z(v) = v**3 + v**2 - v + 3. Let i(q) = q**3 - 4*q**2 + 4*q. Suppose 3*l - 24 + 15 = 0. Let h be i(l). What is the units digit of z(h)?
6
Let g(q) = q**3 - 6*q**2 - 6*q - 4. Let t be 214/30 - 2/15. Let c be g(t). Suppose 0 = -2*l - m, c = 2*l + 2*m + 7. What is the units digit of l?
2
Suppose 0 = 3*a + 12, 2*q = 45*a - 49*a + 1036. What is the units digit of q?
6
Suppose -49*q + 50800 = -53031. What is the units digit of q?
9
Suppose 4*u = 65 - 1. Suppose -i - 3*i = -u. What is the units digit of i/(-14) + 270/14?
9
Let n = 16 - 7. Let p = n + -7. Suppose -2*a + 4*z = -20, -p*a + 4*z = 2*z - 26. What is the units digit of a?
6
Let d = -181 - -181. Let g = 6 - -13. Suppose d = -h + g - 5. What is the tens digit of h?
1
Suppose 0 = 5*h + 5, j = -4*h + 4 - 3. Suppose -2*r = 2*y + 2*y - 6, -j*r + 80 = -3*y. What is the tens digit of r?
1
Let w(n) = 150*n + 130. What is the tens digit of w(7)?
8
Let q be (-219)/(-21) + (-12)/28. Let y be (-18)/(-4) + (-5)/q. Suppose 0 = -y*i - w + 37, -w = i - 5*w - 22. What is the tens digit of i?
1
Let l(m) = 4*m**2 - 5*m - 7. Let y be l(-5). Let p = 36 - -30. Let a = y - p. What is the tens digit of a?
5
Let h(m) = m**2 - 9*m + 156. What is the tens digit of h(30)?
8
Let d be (16/4)/2*5. Let n = -8 + d. Suppose -3*g - n*g + 230 = 0. What is the units digit of g?
6
Let y = -4 + 2. Let l be 2/((-3)/(-6)*y). What is the units digit of ((-24)/l)/((-2)/(-4))?
4
Let f(m) = 